ided by k?
5
Let o(i) = 2*i**2 + 5*i - 3. Let m = 11 + -16. Let d be o(m). Suppose 0*g - 3*g = w - 66, g = -4*w + d. Calculate the remainder when 64 is divided by g.
20
Let n be -3 + 0 + 6/2. Suppose n = 7*b - 5*b - 100. Let g(u) = -3*u + 5. Calculate the remainder when b is divided by g(-4).
16
Let g(d) = -7*d**2 + 1. Let x be g(1). Let v = x + 6. Suppose 0 = 2*j - v*j - 42. What is the remainder when j is divided by 11?
10
Let s be (-1 - 0)/((-2)/10). Suppose -s*t = -3*x + 136, 4*t - 76 = -4*x + 2*x. Suppose 4*k - x = k. What is the remainder when 40 is divided by k?
12
Suppose 21*r - 18*r - 183 = 0. What is the remainder when r is divided by 16?
13
Let b(j) = j + 5*j + 5*j - 5*j - 2. Calculate the remainder when 29 is divided by b(2).
9
Let z(j) = j**2 + 2*j - 1. Suppose -k - 8 = -d + 2*k, -3*k = d + 4. What is the remainder when 2*(-13)/(-4)*2 is divided by z(d)?
6
Let o = 21 + 32. Let k(w) = w + 14. Calculate the remainder when o is divided by k(0).
11
Suppose m - 3*z = 2*z + 29, z - 55 = -3*m. What is the remainder when 53 is divided by m?
15
Let k be 4/10 + (-115)/(-25). Suppose -k*v = -33 - 82. What is the remainder when v is divided by 6?
5
Suppose 7*b = 4*b - 4*a + 32, 4*b - 5*a - 53 = 0. Calculate the remainder when (-1 + -21)/(1*-1) is divided by b.
10
Let m = -4 - -25. Calculate the remainder when 122/(-2)*(3 - 4) is divided by m.
19
Suppose -24 = -0*x - x. Suppose 3*u = 5*u - x. What is the remainder when 2*2*51/6 is divided by u?
10
Suppose -29*q = -31*q + 50. Let o(z) = z**3 - 4*z - 1. Calculate the remainder when o(4) is divided by q.
22
Suppose -5*l = -20, 0*c + 2*c - 4*l - 10 = 0. What is the remainder when 37 is divided by c?
11
Calculate the remainder when 59 is divided by 2/(4 + 2)*36.
11
Let b be 10/6*-2*3. Suppose 0 = 2*l - 2*w - 26, -l + 11 = 2*w - 5. What is the remainder when l is divided by (b/6)/((-2)/6)?
4
Let r(s) = s + 9. Let b be r(-7). Let g = 13 + b. Suppose 4*a - 56 = 116. Calculate the remainder when a is divided by g.
13
Suppose -x - k = 4*k - 35, -184 = -4*x + 2*k. What is the remainder when x is divided by (-4)/((-1)/(-12) - 1/3)?
13
Suppose -3*k - 2*k = n - 48, -5*k - 2*n + 46 = 0. Calculate the remainder when (-1)/3 - (-58)/3 is divided by k.
9
Let l(f) = -1 - 2 - 2*f + f. Let h = 3 + -1. Calculate the remainder when l(-6) is divided by h.
1
Let f(m) = 7*m + 5. Let n(j) be the first derivative of 4*j**2 + 6*j + 2. Let r(l) = 7*f(l) - 6*n(l). What is the remainder when 17 is divided by r(7)?
5
Suppose 0*a - 51 = -a. Suppose 5*n = -5*s + 120, 3*s - n - 2*n - 90 = 0. Calculate the remainder when a is divided by s.
24
Let u(g) = -37*g - 3. Calculate the remainder when u(-1) is divided by 10.
4
Suppose 7*v - 16 = 3*v. Suppose -3*s + 4*s - v = 0. What is the remainder when ((-30)/s)/(-3)*12 is divided by 16?
14
Suppose -3*p + 14 + 16 = 0. Let c = 83 - 55. Calculate the remainder when c is divided by p.
8
Suppose 6*p - p + 20 = 0, -c - 4*p = -15. Let k = 51 - c. Let b(u) = -2*u**3 - 6*u**2 + 6. What is the remainder when b(-4) is divided by k?
18
Let s = -104 + 153. Let k = -37 - -54. What is the remainder when s is divided by k?
15
Calculate the remainder when 186/4 - 48/32 is divided by 25.
20
Suppose 0*n - 15 = -3*n. Suppose -n*f = 15, -2*f + 136 + 323 = 5*w. What is the remainder when w is divided by 24?
21
Suppose 0 = -5*z + 4*j + 558, -3*z - 148 = -3*j - 484. Suppose 4*k + 4*t = -k + 28, 2*t + 14 = k. Calculate the remainder when z/k - 1/(-4) is divided by 4.
2
Let q be (-2)/(-7) + (-204)/(-21). Let t be (-32)/(4/(-2) + 0). What is the remainder when 34 is divided by (t/q)/(12/90)?
10
Suppose -359 = -2*m - 2*m + 5*u, 5*m - 5*u - 445 = 0. Calculate the remainder when m is divided by 174/3*(-2)/(-4).
28
Suppose -21 = -2*q - 5*o + 121, q - 70 = -3*o. Suppose 2*m = 4*n - q, -3*n + 4*m + 47 = -0*n. What is the remainder when n is divided by 11?
10
Suppose x - 4 = -x. Suppose -2*i - 22 = x*s, 3*i + 2*i - 5*s + 15 = 0. Let w = i + 42. Calculate the remainder when w is divided by 12.
11
What is the remainder when 250 is divided by (63/(-4))/(((-6)/16)/1)?
40
Let s(l) be the first derivative of -l**4/4 + l**3/3 + 19*l + 1. Calculate the remainder when s(0) is divided by 11.
8
Let l(z) = -2*z**3 - 2*z**2 + z - 1. Calculate the remainder when l(-2) is divided by (3 + 0)*(-2)/(-3).
1
Let a(z) = -3*z + 7. Let k(m) = 4*m - 7. Let j(x) = 3*a(x) + 2*k(x). What is the remainder when 44 is divided by j(-8)?
14
What is the remainder when (1/2)/((-10)/(-540)) is divided by 14?
13
Suppose -36 = -9*o + 7*o. What is the remainder when 30 is divided by o?
12
Let s be -3*(-10)/12*-2. Let f = s + 9. Calculate the remainder when 15 is divided by f.
3
Let v(r) = 5*r - 3. Let q be v(5). Let g = q + -5. What is the remainder when g is divided by 10?
7
Suppose 3*v = 6*v - 27. What is the remainder when (3/(6/(-52)))/(-1) is divided by v?
8
Suppose 0 = -q - 5 + 4. Let c = 11 + q. What is the remainder when c is divided by 4?
2
Let x = 35 + -25. Suppose k = -2*b - k, -4*b - k = -6. Suppose 3*a - j + 22 = 8*a, -j = -a + b. What is the remainder when x is divided by a?
2
Let x(z) = -z**2 + 2*z. Let j(i) = -i**2 + i + 1. Let u(p) = -5*j(p) + 6*x(p). Let n = -6 - -10. Calculate the remainder when 20 is divided by u(n).
6
Calculate the remainder when 89 is divided by (4 - 8/2) + 19/1.
13
Calculate the remainder when 6 is divided by 3*(-4)/12 + 7.
0
Let y(r) = -r**2 - 11*r - 20. What is the remainder when 59 is divided by y(-6)?
9
Let k = 134 - 101. What is the remainder when k is divided by 24?
9
Let l = 8 + -13. Let n(v) = 5*v**3 + 3*v - 2*v**3 - 1 + 7*v**2 - 2*v**3. Calculate the remainder when n(l) is divided by 9.
7
Let b(d) = 7*d**2 + 20*d**3 - 19*d**3 + 0 - 1 + 7*d. Suppose 62 + 67 = 5*y - 2*m, 0 = -3*y - 3*m + 90. What is the remainder when y is divided by b(-5)?
13
Let c(f) = 2*f**3 - f + 2. Suppose 6*j = 55 - 19. What is the remainder when c(2) is divided by j?
4
Let j(q) = 2*q**2 - 9*q - 9. Suppose 2*u - 5*u + 21 = 0. Let k = -10 + 19. Calculate the remainder when j(u) is divided by k.
8
Let d = 5 + -3. Suppose 6*q - q = -20, 5*y - 127 = -d*q. Let j = 26 + -12. Calculate the remainder when y is divided by j.
13
Let d be 1587/(-6) - (-1)/(-2). Let i be d/(-15) - 2/3. Suppose i = -n + 2*n. Calculate the remainder when 32 is divided by n.
15
Let z = 43 + -26. Suppose -30 = -4*f + f. What is the remainder when z is divided by f?
7
Suppose 2*r + 5*n + 4 = 0, -3*r - 2*n = -2 - 14. Let s = r - 5. Suppose 4 = -7*d + 3*d + 3*i, 8 = -4*d + 4*i. Calculate the remainder when s is divided by d.
1
Suppose -s + 4*s + 7 = r, -99 = -5*r - s. Suppose -43 = -3*t - 5*o, -2*o = -5*t + 2*t + 29. What is the remainder when r is divided by t?
8
Calculate the remainder when (1 + -2 + -177)*(-1)/2 is divided by 23.
20
Let f = 39 + -17. Let g = 33 - f. What is the remainder when 21 is divided by g?
10
What is the remainder when 285/4 - 1/4 is divided by 9?
8
Suppose 0 = -5*x - f + 59, 0*x + 3*x - f = 29. Calculate the remainder when 38 is divided by x.
5
Suppose -v + 4*v = 4*d - 3, 0 = -4*d - 4*v + 24. Suppose -4*c - 28 = -2*u - d*c, 5*c - 3 = -u. Calculate the remainder when 24 is divided by u.
11
Suppose -27 = 2*l - 5*a, -4*a = -3*l - 2*a - 35. Suppose 0 = 2*c - 37 + 3. Calculate the remainder when c is divided by 3/6 + l/(-2).
5
Let x = -15 - -28. Let t = -41 - -91. Let m = t + -13. What is the remainder when m is divided by x?
11
Suppose -4*v = l - 9, l - v - 25 = 3*v. Let f(a) = 6*a - 2. What is the remainder when l is divided by f(2)?
7
Calculate the remainder when (-696)/(-60)*30/4 is divided by 33.
21
Let k(l) = l**3 + 12*l**2 + 9*l - 6. Suppose 3*v = 16 + 11. Calculate the remainder when k(-11) is divided by v.
7
Suppose 2*w - 85 - 5 = 0. Let a = -10 + w. Calculate the remainder when a is divided by 12.
11
Let q(f) = f**2 + 5*f - 8. Let j be 88 + -4 + 3 + -1. Suppose -2*b - 184 = -4*x, 0*x = 2*x - 4*b - j. Calculate the remainder when x is divided by q(-8).
15
Let a(k) = 3*k - 3. What is the remainder when a(6) is divided by 6?
3
Let g(p) = p**2 - 3*p - 5. Let a(t) = -t**3 + 6*t**2 - 3*t - 6. Let d be a(5). Let i be g(d). Calculate the remainder when 14 is divided by (i - -6)*(-1 + 2).
4
Let a = -6 - -5. Let h be (1*a)/((-2)/138). Suppose -h +